{"id":54,"date":"2024-10-28T14:07:45","date_gmt":"2024-10-28T14:07:45","guid":{"rendered":"https:\/\/almigmedia.ellen.hostkraft.de\/?page_id=54"},"modified":"2024-12-17T09:23:57","modified_gmt":"2024-12-17T09:23:57","slug":"produkte","status":"publish","type":"page","link":"https:\/\/almigmedia.ellen.hostkraft.de\/index.php\/produkte\/","title":{"rendered":"Produkte"},"content":{"rendered":"<p>[et_pb_section fb_built=&#8220;1&#8243; admin_label=&#8220;Hero&#8220; _builder_version=&#8220;4.27.2&#8243; use_background_color_gradient=&#8220;on&#8220; background_color_gradient_direction=&#8220;70deg&#8220; background_color_gradient_stops=&#8220;rgba(0,0,0,0.2) 0%|rgba(128,103,79,0.2) 100%&#8220; background_color_gradient_overlays_image=&#8220;on&#8220; background_color_gradient_start=&#8220;rgba(0,0,0,0.2)&#8220; background_color_gradient_end=&#8220;rgba(128,103,79,0.2)&#8220; background_image=&#8220;https:\/\/almigmedia.ellen.hostkraft.de\/wp-content\/uploads\/2024\/10\/neon-lights-futuristic-corridor_compressors_v2-scaled.jpg&#8220; custom_margin=&#8220;-25px||0.1%|||&#8220; custom_padding=&#8220;0vw||846px|||&#8220; bottom_divider_style=&#8220;mountains2&#8243; bottom_divider_color=&#8220;#FFFFFF&#8220; bottom_divider_repeat=&#8220;0.5x&#8220; bottom_divider_flip=&#8220;horizontal|vertical&#8220; bottom_divider_arrangement=&#8220;above_content&#8220; global_colors_info=&#8220;{}&#8220;][et_pb_row _builder_version=&#8220;4.16&#8243; min_height=&#8220;71px&#8220; custom_margin=&#8220;|auto|-124px|auto||&#8220; custom_padding=&#8220;1px|0px|0px|0px|false|false&#8220; global_colors_info=&#8220;{}&#8220;][et_pb_column type=&#8220;4_4&#8243; _builder_version=&#8220;4.16&#8243; custom_padding=&#8220;|||&#8220; global_colors_info=&#8220;{}&#8220; custom_padding__hover=&#8220;|||&#8220;][et_pb_text _builder_version=&#8220;4.16&#8243; text_font=&#8220;||||||||&#8220; header_font=&#8220;|700|||||||&#8220; header_font_size=&#8220;90px&#8220; header_line_height=&#8220;1.4em&#8220; header_2_font=&#8220;||||||||&#8220; header_2_text_color=&#8220;rgba(255,255,255,0.6)&#8220; header_2_font_size=&#8220;32px&#8220; header_2_line_height=&#8220;1.4em&#8220; background_layout=&#8220;dark&#8220; custom_padding=&#8220;80px||0px|||&#8220; animation_style=&#8220;slide&#8220; animation_direction=&#8220;right&#8220; animation_intensity_slide=&#8220;4%&#8220; header_font_size_tablet=&#8220;50px&#8220; header_font_size_phone=&#8220;32px&#8220; header_font_size_last_edited=&#8220;on|desktop&#8220; header_2_font_size_tablet=&#8220;&#8220; header_2_font_size_phone=&#8220;24px&#8220; header_2_font_size_last_edited=&#8220;on|phone&#8220; global_colors_info=&#8220;{}&#8220;]<\/p>\n<h1>Produkte<\/h1>\n<p>[\/et_pb_text][\/et_pb_column][\/et_pb_row][\/et_pb_section][et_pb_section fb_built=&#8220;1&#8243; admin_label=&#8220;Services&#8220; _builder_version=&#8220;4.16&#8243; custom_padding=&#8220;54px|0px|54px|0|false|false&#8220; global_colors_info=&#8220;{}&#8220;][et_pb_row _builder_version=&#8220;4.16&#8243; custom_padding=&#8220;30px|0px|0|0px|false|false&#8220; global_colors_info=&#8220;{}&#8220;][et_pb_column type=&#8220;4_4&#8243; _builder_version=&#8220;4.16&#8243; custom_padding=&#8220;|||&#8220; global_colors_info=&#8220;{}&#8220; custom_padding__hover=&#8220;|||&#8220;][et_pb_text _builder_version=&#8220;4.16&#8243; text_font=&#8220;||||||||&#8220; text_text_color=&#8220;gcid-9b0791f5-d631-4ff9-a7fc-04365493ac7d&#8220; header_font=&#8220;||||||||&#8220; header_text_color=&#8220;rgba(0,0,0,0)&#8220; header_2_font=&#8220;|700|||||||&#8220; header_2_text_color=&#8220;gcid-9b0791f5-d631-4ff9-a7fc-04365493ac7d&#8220; header_2_font_size=&#8220;48px&#8220; header_2_line_height=&#8220;1.4em&#8220; header_3_font=&#8220;Josefin Sans|700||on|||||&#8220; header_3_text_color=&#8220;rgba(43,51,68,0.2)&#8220; max_width=&#8220;898px&#8220; custom_margin=&#8220;|-49px||||&#8220; custom_padding=&#8220;|||&#8220; header_2_font_size_tablet=&#8220;&#8220; header_2_font_size_phone=&#8220;24px&#8220; header_2_font_size_last_edited=&#8220;on|phone&#8220; header_2_line_height_tablet=&#8220;1.4em&#8220; header_2_line_height_phone=&#8220;&#8220; header_2_line_height_last_edited=&#8220;on|desktop&#8220; global_colors_info=&#8220;{%22gcid-9b0791f5-d631-4ff9-a7fc-04365493ac7d%22:%91%22text_text_color%22,%22header_2_text_color%22%93}&#8220;]<\/p>\n<h2>ALMiG Kompressoren und Zubeh\u00f6r<\/h2>\n<p>[\/et_pb_text][\/et_pb_column][\/et_pb_row][\/et_pb_section][et_pb_section fb_built=&#8220;1&#8243; _builder_version=&#8220;4.16&#8243; _module_preset=&#8220;default&#8220; global_colors_info=&#8220;{}&#8220;][et_pb_row column_structure=&#8220;1_2,1_2&#8243; _builder_version=&#8220;4.16&#8243; _module_preset=&#8220;default&#8220; global_colors_info=&#8220;{}&#8220;][et_pb_column type=&#8220;1_2&#8243; _builder_version=&#8220;4.16&#8243; _module_preset=&#8220;default&#8220; global_colors_info=&#8220;{}&#8220;][et_pb_image src=&#8220;https:\/\/almigmedia.ellen.hostkraft.de\/wp-content\/uploads\/2024\/10\/ALMiG_LENTO_web.png&#8220; title_text=&#8220;ALMiG_LENTO_web&#8220; _builder_version=&#8220;4.16&#8243; _module_preset=&#8220;default&#8220; global_colors_info=&#8220;{}&#8220;][\/et_pb_image][\/et_pb_column][et_pb_column type=&#8220;1_2&#8243; _builder_version=&#8220;4.16&#8243; _module_preset=&#8220;default&#8220; global_colors_info=&#8220;{}&#8220;][et_pb_text _builder_version=&#8220;4.16&#8243; _module_preset=&#8220;default&#8220; text_font_size=&#8220;18px&#8220; header_3_font_size=&#8220;30px&#8220; global_colors_info=&#8220;{}&#8220;]<\/p>\n<h3>SCHRAUBENKOMPRESSOREN<\/h3>\n<p>Im Bereich der Schraubenkompressoren ist ALMiG der Hersteller mit der wohl umfangreichsten Produktpalette. Dank des cleveren Baukastensystems sind ca. 80-90 % aller Kompressorenkomponenten in einer gewissen kW-Klasse gleich. Das Antriebssystem ist dabei variabel w\u00e4hlbar. So bietet ALMiG f\u00fcr jeden Einsatzfall immer das richtige Antriebskonzept. Die ALMiG Schraubenkompressoren stehen f\u00fcr h\u00f6chste Zuverl\u00e4ssigkeit und Betriebssicherheit bei Dauerbetrieb und minimieren dabei sogar noch Ihre Betriebskosten.<\/p>\n<p>[\/et_pb_text][\/et_pb_column][\/et_pb_row][et_pb_row column_structure=&#8220;1_2,1_2&#8243; _builder_version=&#8220;4.16&#8243; _module_preset=&#8220;default&#8220; global_colors_info=&#8220;{}&#8220;][et_pb_column type=&#8220;1_2&#8243; _builder_version=&#8220;4.16&#8243; _module_preset=&#8220;default&#8220; global_colors_info=&#8220;{}&#8220;][et_pb_text _builder_version=&#8220;4.16&#8243; _module_preset=&#8220;default&#8220; text_font_size=&#8220;18px&#8220; header_3_font_size=&#8220;30px&#8220; custom_padding=&#8220;21px|||||&#8220; global_colors_info=&#8220;{}&#8220;]<\/p>\n<h3>KOLBENKOMPRESSOREN<\/h3>\n<p>Das Einsatzgebiet moderner Kolbenkompressoren ist von Handwerk bis zur Industrie vielseitig. Die ALMiG Kolbenkompressoren wurden speziell entwickelt, um alle Anforderungen im harten Arbeitsalltag mit Bravour zu erf\u00fcllen. Sie bieten eine flexible, zuverl\u00e4ssige Druckluftversorgung und arbeiten besonders wirtschaftlich. Unsere Anlagen sind im Nieder-, Mittel- oder Hochdruckbereich (bis 400 bar) im Einsatz &#8211; und auch \u00f6lfreie Anlagen sind verf\u00fcgbar. ALMiG liefert Ihnen Kolbenkompressoren, die speziell f\u00fcr das jeweilige Einsatzgebiet konzipiert sind.<\/p>\n<p>[\/et_pb_text][\/et_pb_column][et_pb_column type=&#8220;1_2&#8243; _builder_version=&#8220;4.16&#8243; _module_preset=&#8220;default&#8220; global_colors_info=&#8220;{}&#8220;][et_pb_image src=&#8220;https:\/\/almigmedia.ellen.hostkraft.de\/wp-content\/uploads\/2024\/10\/A_Baureihe.png&#8220; title_text=&#8220;A_Baureihe&#8220; _builder_version=&#8220;4.16&#8243; _module_preset=&#8220;default&#8220; global_colors_info=&#8220;{}&#8220;][\/et_pb_image][\/et_pb_column][\/et_pb_row][et_pb_row column_structure=&#8220;1_2,1_2&#8243; _builder_version=&#8220;4.16&#8243; _module_preset=&#8220;default&#8220; global_colors_info=&#8220;{}&#8220;][et_pb_column type=&#8220;1_2&#8243; _builder_version=&#8220;4.16&#8243; _module_preset=&#8220;default&#8220; global_colors_info=&#8220;{}&#8220;][et_pb_image src=&#8220;https:\/\/almigmedia.ellen.hostkraft.de\/wp-content\/uploads\/2024\/10\/ALMiG_Scroll_08_web.png&#8220; title_text=&#8220;ALMiG_Scroll_08_web&#8220; _builder_version=&#8220;4.16&#8243; _module_preset=&#8220;default&#8220; global_colors_info=&#8220;{}&#8220;][\/et_pb_image][\/et_pb_column][et_pb_column type=&#8220;1_2&#8243; _builder_version=&#8220;4.16&#8243; _module_preset=&#8220;default&#8220; global_colors_info=&#8220;{}&#8220;][et_pb_text _builder_version=&#8220;4.16&#8243; _module_preset=&#8220;default&#8220; text_font_size=&#8220;18px&#8220; header_3_font_size=&#8220;30px&#8220; custom_padding=&#8220;22px|||||&#8220; global_colors_info=&#8220;{}&#8220;]<\/p>\n<h3>SCROLLKOMPRESSOREN<\/h3>\n<p>Scrollkompressoren arbeiten mit einer extrem hohen Laufruhe was zu einem sehr geringen Ger\u00e4uschpegel f\u00fchrt. Durch die 100% \u00f6lfreie Druckluft, die Scrollkompressoren erzeugen, sind sie die ideale L\u00f6sung f\u00fcr hochsensible Anwendungen und durch den niedrigen Ger\u00e4uschpegel k\u00f6nnen direkt dort aufgestellt werden, wo die hochqualitative Druckluft ben\u00f6tigt wird.<\/p>\n<p>[\/et_pb_text][\/et_pb_column][\/et_pb_row][et_pb_row column_structure=&#8220;1_2,1_2&#8243; _builder_version=&#8220;4.16&#8243; _module_preset=&#8220;default&#8220; global_colors_info=&#8220;{}&#8220;][et_pb_column type=&#8220;1_2&#8243; _builder_version=&#8220;4.16&#8243; _module_preset=&#8220;default&#8220; global_colors_info=&#8220;{}&#8220;][et_pb_text _builder_version=&#8220;4.16&#8243; _module_preset=&#8220;default&#8220; text_font_size=&#8220;18px&#8220; header_3_font_size=&#8220;30px&#8220; custom_padding=&#8220;45px|||||&#8220; global_colors_info=&#8220;{}&#8220;]<\/p>\n<h3>TURBOKOMPRESSOREN<\/h3>\n<p>Viele Sonderanwendungen im Bereich der Drucklufttechnik machen ein auf den jeweiligen Bedarf angepasstes Produkt notwendig. Das besondere Einsatzgebiet der Turbokompressoren DYNAMIC befindet sich haupts\u00e4chlich im mittleren bis hin zum Gro\u00dfindustriebereich der Petrochemie, Raffinerien, Stahl- und Automobilindustrie \u2013 kurzum \u00fcberall dort, wo eine gleichm\u00e4\u00dfige und h\u00f6chst zuverl\u00e4ssige Druckluftversorgung mit 100 % \u00f6lfreier Druckluft ben\u00f6tigt wird \u2013 und dies besonders wirtschaftlich.<\/p>\n<p>[\/et_pb_text][\/et_pb_column][et_pb_column type=&#8220;1_2&#8243; _builder_version=&#8220;4.16&#8243; _module_preset=&#8220;default&#8220; global_colors_info=&#8220;{}&#8220;][et_pb_image src=&#8220;https:\/\/almigmedia.ellen.hostkraft.de\/wp-content\/uploads\/2024\/10\/DYNAMIC-P_card.png&#8220; title_text=&#8220;DYNAMIC-P_card&#8220; _builder_version=&#8220;4.16&#8243; _module_preset=&#8220;default&#8220; global_colors_info=&#8220;{}&#8220;][\/et_pb_image][\/et_pb_column][\/et_pb_row][et_pb_row column_structure=&#8220;1_2,1_2&#8243; _builder_version=&#8220;4.16&#8243; _module_preset=&#8220;default&#8220; global_colors_info=&#8220;{}&#8220;][et_pb_column type=&#8220;1_2&#8243; _builder_version=&#8220;4.16&#8243; _module_preset=&#8220;default&#8220; global_colors_info=&#8220;{}&#8220;][et_pb_image src=&#8220;https:\/\/almigmedia.ellen.hostkraft.de\/wp-content\/uploads\/2024\/10\/Oelfrei.png&#8220; title_text=&#8220;\u00d6lfrei&#8220; _builder_version=&#8220;4.16&#8243; _module_preset=&#8220;default&#8220; global_colors_info=&#8220;{}&#8220;][\/et_pb_image][\/et_pb_column][et_pb_column type=&#8220;1_2&#8243; _builder_version=&#8220;4.16&#8243; _module_preset=&#8220;default&#8220; global_colors_info=&#8220;{}&#8220;][et_pb_text _builder_version=&#8220;4.16&#8243; _module_preset=&#8220;default&#8220; text_font_size=&#8220;18px&#8220; header_3_font_size=&#8220;30px&#8220; custom_padding=&#8220;60px|||||&#8220; global_colors_info=&#8220;{}&#8220;]<\/p>\n<h3>\u00d6LFREIE KOMPRESSOREN<\/h3>\n<p>100% \u00f6lfreie Druckluft ist in vielen Bereichen unerl\u00e4sslich, um eine Verunreinigung des Endproduktes durch \u00d6l zu vermeiden. ALMiG bietet eine gro\u00dfe Auswahl an \u00f6lfreien Kompressoren, um f\u00fcr jede Anwendung den richtigen Kompressor anbieten zu k\u00f6nnen.<\/p>\n<p>[\/et_pb_text][\/et_pb_column][\/et_pb_row][et_pb_row column_structure=&#8220;1_2,1_2&#8243; _builder_version=&#8220;4.16&#8243; _module_preset=&#8220;default&#8220; global_colors_info=&#8220;{}&#8220;][et_pb_column type=&#8220;1_2&#8243; _builder_version=&#8220;4.16&#8243; _module_preset=&#8220;default&#8220; global_colors_info=&#8220;{}&#8220;][et_pb_text _builder_version=&#8220;4.16&#8243; _module_preset=&#8220;default&#8220; text_font_size=&#8220;18px&#8220; header_3_font_size=&#8220;30px&#8220; custom_padding=&#8220;18px|||||&#8220; global_colors_info=&#8220;{}&#8220;]<\/p>\n<h3>DRUCKLUFTAUFBEREITUNG<\/h3>\n<p>Um eine optimale Nutzung der Druckluft zu gew\u00e4hrleisten, sollte diese trocken, sauber und manchmal \u00f6lfrei sein. Grund genug, individuell auf die richtig abgestimmte Druckluftqualit\u00e4t zu achten.<\/p>\n<p>[\/et_pb_text][\/et_pb_column][et_pb_column type=&#8220;1_2&#8243; _builder_version=&#8220;4.16&#8243; _module_preset=&#8220;default&#8220; global_colors_info=&#8220;{}&#8220;][et_pb_image src=&#8220;https:\/\/almigmedia.ellen.hostkraft.de\/wp-content\/uploads\/2024\/10\/ALM-RD-623_web.png&#8220; title_text=&#8220;ALM-RD-623_web&#8220; _builder_version=&#8220;4.16&#8243; _module_preset=&#8220;default&#8220; global_colors_info=&#8220;{}&#8220;][\/et_pb_image][\/et_pb_column][\/et_pb_row][et_pb_row column_structure=&#8220;1_2,1_2&#8243; _builder_version=&#8220;4.16&#8243; _module_preset=&#8220;default&#8220; global_colors_info=&#8220;{}&#8220;][et_pb_column type=&#8220;1_2&#8243; _builder_version=&#8220;4.16&#8243; _module_preset=&#8220;default&#8220; global_colors_info=&#8220;{}&#8220;][et_pb_image src=&#8220;https:\/\/almigmedia.ellen.hostkraft.de\/wp-content\/uploads\/2024\/10\/Steuerung_ACHE.png&#8220; title_text=&#8220;Steuerung_ACHE&#8220; _builder_version=&#8220;4.16&#8243; _module_preset=&#8220;default&#8220; custom_padding=&#8220;0px|||||&#8220; global_colors_info=&#8220;{}&#8220;][\/et_pb_image][\/et_pb_column][et_pb_column type=&#8220;1_2&#8243; _builder_version=&#8220;4.16&#8243; _module_preset=&#8220;default&#8220; global_colors_info=&#8220;{}&#8220;][et_pb_text _builder_version=&#8220;4.16&#8243; _module_preset=&#8220;default&#8220; text_font_size=&#8220;18px&#8220; header_3_font_size=&#8220;30px&#8220; custom_padding=&#8220;37px|||||&#8220; global_colors_info=&#8220;{}&#8220;]<\/p>\n<h3>KOMPRESSORSTEUERUNG<\/h3>\n<p>Mit der ALMiG Steuerungsfamilie AIR CONTROL sind Sie in der Lage, Ihre gesamte Druckluftversorgung optimal zu steuern, zu verwalten und zu \u00fcberwachen. Der Einsatz modernster Mikroprozessor- und Kommunikationstechnik garantiert Ihnen optimalen Bedienkomfort, einfache Einstellm\u00f6glichkeiten und eine reibungslose Einbindung s\u00e4mtlicher Kompressormodelle und der gesamten Zubeh\u00f6rpalette.<\/p>\n<p>[\/et_pb_text][\/et_pb_column][\/et_pb_row][et_pb_row _builder_version=&#8220;4.27.4&#8243; _module_preset=&#8220;default&#8220; global_colors_info=&#8220;{}&#8220;][et_pb_column type=&#8220;4_4&#8243; _builder_version=&#8220;4.27.4&#8243; _module_preset=&#8220;default&#8220; global_colors_info=&#8220;{}&#8220;][et_pb_button button_url=&#8220;https:\/\/almigmedia.ellen.hostkraft.de\/wp-content\/uploads\/2024\/12\/ALMiG_Schraubenkompressoren_de_small.pdf&#8220; url_new_window=&#8220;on&#8220; button_text=&#8220;Download Gesamtkatalog!&#8220; button_alignment=&#8220;center&#8220; _builder_version=&#8220;4.27.4&#8243; _module_preset=&#8220;default&#8220; custom_button=&#8220;on&#8220; button_border_radius=&#8220;10px&#8220; custom_margin=&#8220;||62px|||&#8220; global_colors_info=&#8220;{}&#8220;][\/et_pb_button][et_pb_divider _builder_version=&#8220;4.27.4&#8243; _module_preset=&#8220;default&#8220; hover_enabled=&#8220;0&#8243; sticky_enabled=&#8220;0&#8243; min_height=&#8220;13.8px&#8220;][\/et_pb_divider][et_pb_text _builder_version=&#8220;4.27.4&#8243; _module_preset=&#8220;default&#8220; text_font_size=&#8220;18px&#8220; min_height=&#8220;4.8px&#8220; global_colors_info=&#8220;{}&#8220;]<\/p>\n<p>Sie haben Fragen zu den Produkten? Wir beraten Sie jederzeit gerne. Buchen Sie einfach ein unverbindliches Beratungsgespr\u00e4ch.<\/p>\n<p>[\/et_pb_text][et_pb_button button_url=&#8220;@ET-DC@eyJkeW5hbWljIjp0cnVlLCJjb250ZW50IjoicG9zdF9saW5rX3VybF9wYWdlIiwic2V0dGluZ3MiOnsicG9zdF9pZCI6IjM3MyJ9fQ==@&#8220; url_new_window=&#8220;on&#8220; button_text=&#8220;Gespr\u00e4ch buchen&#8220; _builder_version=&#8220;4.27.4&#8243; _dynamic_attributes=&#8220;button_url&#8220; _module_preset=&#8220;default&#8220; custom_button=&#8220;on&#8220; button_text_color=&#8220;#FFFFFF&#8220; button_bg_color=&#8220;gcid-84da878c-23bf-4e82-a32f-86925dba26ef&#8220; button_border_color=&#8220;gcid-84da878c-23bf-4e82-a32f-86925dba26ef&#8220; button_border_radius=&#8220;10px&#8220; global_colors_info=&#8220;{%22gcid-84da878c-23bf-4e82-a32f-86925dba26ef%22:%91%22button_bg_color%22,%22button_border_color%22%93}&#8220;][\/et_pb_button][\/et_pb_column][\/et_pb_row][\/et_pb_section][et_pb_section fb_built=&#8220;1&#8243; prev_background_color=&#8220;#ffffff&#8220; next_background_color=&#8220;#ffffff&#8220; admin_label=&#8220;CTA Section&#8220; _builder_version=&#8220;4.16&#8243; use_background_color_gradient=&#8220;on&#8220; background_color_gradient_direction=&#8220;70deg&#8220; background_color_gradient_stops=&#8220;#283d4b 0%|rgba(128,103,79,0.5) 100%&#8220; background_color_gradient_overlays_image=&#8220;on&#8220; background_color_gradient_start=&#8220;#283d4b&#8220; background_color_gradient_end=&#8220;rgba(128,103,79,0.5)&#8220; background_image=&#8220;https:\/\/almigmedia.ellen.hostkraft.de\/wp-content\/uploads\/2024\/10\/Almig_Raum2017_B_1920px.jpg&#8220; custom_margin=&#8220;|||&#8220; custom_padding=&#8220;13vw||7vw||false|false&#8220; top_divider_style=&#8220;mountains2&#8243; top_divider_height=&#8220;18vw&#8220; top_divider_repeat=&#8220;0.5x&#8220; bottom_divider_style=&#8220;mountains2&#8243; bottom_divider_height=&#8220;14%&#8220; bottom_divider_repeat=&#8220;0.5x&#8220; bottom_divider_flip=&#8220;horizontal&#8220; locked=&#8220;off&#8220; global_colors_info=&#8220;{}&#8220;][et_pb_row _builder_version=&#8220;4.16&#8243; custom_margin=&#8220;|||&#8220; custom_padding=&#8220;27px|0px|0|0px|false|false&#8220; global_colors_info=&#8220;{}&#8220;][et_pb_column type=&#8220;4_4&#8243; _builder_version=&#8220;4.16&#8243; custom_padding=&#8220;|||&#8220; global_colors_info=&#8220;{}&#8220; custom_padding__hover=&#8220;|||&#8220;][et_pb_text _builder_version=&#8220;4.16&#8243; text_font=&#8220;||||||||&#8220; header_font=&#8220;||||||||&#8220; header_2_font=&#8220;|700|||||||&#8220; header_2_font_size=&#8220;65px&#8220; header_2_line_height=&#8220;1.4em&#8220; header_3_font=&#8220;||||||||&#8220; header_3_text_color=&#8220;rgba(255,255,255,0.6)&#8220; header_3_font_size=&#8220;32px&#8220; header_3_line_height=&#8220;1.4em&#8220; background_layout=&#8220;dark&#8220; animation_style=&#8220;slide&#8220; animation_direction=&#8220;right&#8220; animation_intensity_slide=&#8220;4%&#8220; header_font_size_tablet=&#8220;70px&#8220; header_font_size_phone=&#8220;50px&#8220; header_font_size_last_edited=&#8220;off|desktop&#8220; header_2_font_size_tablet=&#8220;50px&#8220; header_2_font_size_phone=&#8220;32px&#8220; header_2_font_size_last_edited=&#8220;on|phone&#8220; header_3_font_size_tablet=&#8220;&#8220; header_3_font_size_phone=&#8220;24px&#8220; header_3_font_size_last_edited=&#8220;on|phone&#8220; locked=&#8220;off&#8220; global_colors_info=&#8220;{}&#8220;]<\/p>\n<h2>Druckluftservice, der \u00fcberzeugt.<\/h2>\n<h3>Qualit\u00e4t, auf die Sie z\u00e4hlen k\u00f6nnen!<\/h3>\n<p>[\/et_pb_text][\/et_pb_column][\/et_pb_row][et_pb_row column_structure=&#8220;1_2,1_2&#8243; _builder_version=&#8220;4.16&#8243; custom_padding=&#8220;0|0px|27px|0px|false|false&#8220; global_colors_info=&#8220;{}&#8220;][et_pb_column type=&#8220;1_2&#8243; _builder_version=&#8220;4.16&#8243; custom_padding=&#8220;|||&#8220; global_colors_info=&#8220;{}&#8220; custom_padding__hover=&#8220;|||&#8220;][\/et_pb_column][et_pb_column type=&#8220;1_2&#8243; _builder_version=&#8220;4.16&#8243; custom_padding=&#8220;|||&#8220; global_colors_info=&#8220;{}&#8220; custom_padding__hover=&#8220;|||&#8220;][\/et_pb_column][\/et_pb_row][et_pb_row use_custom_gutter=&#8220;on&#8220; gutter_width=&#8220;1&#8243; disabled_on=&#8220;on|off|off&#8220; module_class=&#8220; et_pb_row_fullwidth&#8220; _builder_version=&#8220;4.16&#8243; width=&#8220;100%&#8220; width_tablet=&#8220;100%&#8220; width_phone=&#8220;100%&#8220; width_last_edited=&#8220;on|desktop&#8220; max_width=&#8220;100%&#8220; max_width_tablet=&#8220;100%&#8220; max_width_phone=&#8220;100%&#8220; max_width_last_edited=&#8220;on|desktop&#8220; make_fullwidth=&#8220;on&#8220; global_colors_info=&#8220;{}&#8220;][et_pb_column type=&#8220;4_4&#8243; _builder_version=&#8220;4.16&#8243; custom_padding=&#8220;|||&#8220; global_colors_info=&#8220;{}&#8220; custom_padding__hover=&#8220;|||&#8220;][et_pb_text _builder_version=&#8220;4.16&#8243; text_font=&#8220;Josefin Sans|700||on|||||&#8220; text_text_color=&#8220;rgba(255,255,255,0.2)&#8220; text_font_size=&#8220;18vw&#8220; text_line_height=&#8220;1em&#8220; quote_font=&#8220;||||||||&#8220; header_font=&#8220;||||||||&#8220; custom_margin=&#8220;||-0.4em|&#8220; custom_padding=&#8220;|||&#8220; filter_blur=&#8220;7px&#8220; animation_style=&#8220;slide&#8220; animation_direction=&#8220;right&#8220; animation_duration=&#8220;10000ms&#8220; animation_intensity_slide=&#8220;10%&#8220; animation_starting_opacity=&#8220;40%&#8220; animation_speed_curve=&#8220;linear&#8220; text_font_size_tablet=&#8220;124px&#8220; text_font_size_phone=&#8220;90px&#8220; text_font_size_last_edited=&#8220;off|desktop&#8220; global_colors_info=&#8220;{}&#8220;]<\/p>\n<p>kontakt<\/p>\n<p>[\/et_pb_text][\/et_pb_column][\/et_pb_row][\/et_pb_section][et_pb_section fb_built=&#8220;1&#8243; admin_label=&#8220;Footer&#8220; _builder_version=&#8220;4.16&#8243; global_colors_info=&#8220;{}&#8220;][et_pb_row column_structure=&#8220;1_3,1_3,1_3&#8243; _builder_version=&#8220;4.16&#8243; custom_padding=&#8220;|||&#8220; global_colors_info=&#8220;{}&#8220;][et_pb_column type=&#8220;1_3&#8243; _builder_version=&#8220;4.16&#8243; custom_padding=&#8220;|||&#8220; global_colors_info=&#8220;{}&#8220; custom_padding__hover=&#8220;|||&#8220;][et_pb_blurb title=&#8220;Max M\u00fcller GmbH&#8220; use_icon=&#8220;on&#8220; font_icon=&#8220;&#xe074;||divi||400&#8243; icon_color=&#8220;gcid-9b0791f5-d631-4ff9-a7fc-04365493ac7d&#8220; image_icon_width=&#8220;32px&#8220; _builder_version=&#8220;4.27.4&#8243; header_font=&#8220;|700||on|||||&#8220; header_text_align=&#8220;center&#8220; body_font=&#8220;Open Sans||||||||&#8220; body_text_align=&#8220;center&#8220; body_font_size=&#8220;18px&#8220; icon_font_size=&#8220;32px&#8220; global_colors_info=&#8220;{%22gcid-9b0791f5-d631-4ff9-a7fc-04365493ac7d%22:%91%22icon_color%22%93}&#8220;]<\/p>\n<p>Max-M\u00fcller-Stra\u00dfe 1<br \/>73211 M\u00fcllerhausen<\/p>\n<p>[\/et_pb_blurb][\/et_pb_column][et_pb_column type=&#8220;1_3&#8243; _builder_version=&#8220;4.16&#8243; custom_padding=&#8220;|||&#8220; global_colors_info=&#8220;{}&#8220; custom_padding__hover=&#8220;|||&#8220;][et_pb_blurb title=&#8220;Rufen Sie uns an&#8220; use_icon=&#8220;on&#8220; font_icon=&#8220;&#xe090;||divi||400&#8243; icon_color=&#8220;gcid-9b0791f5-d631-4ff9-a7fc-04365493ac7d&#8220; image_icon_width=&#8220;32px&#8220; _builder_version=&#8220;4.27.4&#8243; header_font=&#8220;|700||on|||||&#8220; header_text_align=&#8220;center&#8220; body_font=&#8220;Open Sans||||||||&#8220; body_text_align=&#8220;center&#8220; body_font_size=&#8220;18px&#8220; animation_style=&#8220;fold&#8220; animation_direction=&#8220;left&#8220; animation_delay=&#8220;200ms&#8220; animation_intensity_fold=&#8220;20%&#8220; icon_font_size=&#8220;32px&#8220; global_colors_info=&#8220;{%22gcid-9b0791f5-d631-4ff9-a7fc-04365493ac7d%22:%91%22icon_color%22%93}&#8220;]<\/p>\n<p>Telefon: <a href=\"tel:+4970211111\">+49 7021 1111 \u2013 0<\/a><br \/>Telefax: <a href=\"tel:+497021111112\">+49 7021 1111 \u2013 12<\/a><\/p>\n<p>[\/et_pb_blurb][\/et_pb_column][et_pb_column type=&#8220;1_3&#8243; _builder_version=&#8220;4.16&#8243; custom_padding=&#8220;|||&#8220; global_colors_info=&#8220;{}&#8220; custom_padding__hover=&#8220;|||&#8220;][et_pb_blurb title=&#8220;E-MAIL&#8220; use_icon=&#8220;on&#8220; font_icon=&#8220;&#xe076;||divi||400&#8243; icon_color=&#8220;gcid-9b0791f5-d631-4ff9-a7fc-04365493ac7d&#8220; image_icon_width=&#8220;32px&#8220; _builder_version=&#8220;4.27.4&#8243; header_font=&#8220;|700||on|||||&#8220; header_text_align=&#8220;center&#8220; body_font=&#8220;Open Sans||||||||&#8220; body_text_align=&#8220;center&#8220; body_font_size=&#8220;18px&#8220; animation_style=&#8220;fold&#8220; animation_direction=&#8220;left&#8220; animation_delay=&#8220;200ms&#8220; animation_intensity_fold=&#8220;20%&#8220; icon_font_size=&#8220;32px&#8220; global_colors_info=&#8220;{%22gcid-9b0791f5-d631-4ff9-a7fc-04365493ac7d%22:%91%22icon_color%22%93}&#8220;]<\/p>\n<p><a href=\"mailto:info(at)maxmgmbh.de\">info(at)maxmgmbh.de<\/a><\/p>\n<p>[\/et_pb_blurb][\/et_pb_column][\/et_pb_row][\/et_pb_section]<\/p>\n","protected":false},"excerpt":{"rendered":"<p>ProdukteALMiG Kompressoren und Zubeh\u00f6rSCHRAUBENKOMPRESSOREN Im Bereich der Schraubenkompressoren ist ALMiG der Hersteller mit der wohl umfangreichsten Produktpalette. Dank des cleveren Baukastensystems sind ca. 80-90 % aller Kompressorenkomponenten in einer gewissen kW-Klasse gleich. Das Antriebssystem ist dabei variabel w\u00e4hlbar. So bietet ALMiG f\u00fcr jeden Einsatzfall immer das richtige Antriebskonzept. Die ALMiG Schraubenkompressoren stehen f\u00fcr h\u00f6chste Zuverl\u00e4ssigkeit [&hellip;]<\/p>\n","protected":false},"author":1,"featured_media":0,"parent":0,"menu_order":0,"comment_status":"closed","ping_status":"closed","template":"","meta":{"_et_pb_use_builder":"on","_et_pb_old_content":"<!-- wp:divi\/placeholder \/-->","_et_gb_content_width":"","footnotes":""},"class_list":["post-54","page","type-page","status-publish","hentry"],"_links":{"self":[{"href":"https:\/\/almigmedia.ellen.hostkraft.de\/index.php\/wp-json\/wp\/v2\/pages\/54","targetHints":{"allow":["GET"]}}],"collection":[{"href":"https:\/\/almigmedia.ellen.hostkraft.de\/index.php\/wp-json\/wp\/v2\/pages"}],"about":[{"href":"https:\/\/almigmedia.ellen.hostkraft.de\/index.php\/wp-json\/wp\/v2\/types\/page"}],"author":[{"embeddable":true,"href":"https:\/\/almigmedia.ellen.hostkraft.de\/index.php\/wp-json\/wp\/v2\/users\/1"}],"replies":[{"embeddable":true,"href":"https:\/\/almigmedia.ellen.hostkraft.de\/index.php\/wp-json\/wp\/v2\/comments?post=54"}],"version-history":[{"count":30,"href":"https:\/\/almigmedia.ellen.hostkraft.de\/index.php\/wp-json\/wp\/v2\/pages\/54\/revisions"}],"predecessor-version":[{"id":464,"href":"https:\/\/almigmedia.ellen.hostkraft.de\/index.php\/wp-json\/wp\/v2\/pages\/54\/revisions\/464"}],"wp:attachment":[{"href":"https:\/\/almigmedia.ellen.hostkraft.de\/index.php\/wp-json\/wp\/v2\/media?parent=54"}],"curies":[{"name":"wp","href":"https:\/\/api.w.org\/{rel}","templated":true}]}}